base 2
10011000100
What is 30939 (base 11) in base 12?
220a6
Convert 13144 (base 7) to base 6.
24131
What is 17142 (base 9) in base 6?
130315
What is 342 (base 8) in base 14?
122
-1023433 (base 5) to base 10
-17368
Convert 23022 (base 6) to base 9.
4415
What is 1411 (base 11) in base 10?
1827
What is 718 (base 15) in base 4?
120332
What is 899 (base 15) in base 13?
b67
Convert 1202212 (base 3) to base 14.
684
What is -28128 (base 9) in base 15?
-59ab
28771 (base 9) to base 16
4c81
9b36 (base 15) to base 4
20002011
What is -270 (base 16) in base 7?
-1551
What is -1627 (base 10) in base 4?
-121123
What is 1682 (base 12) in base 5?
41230
What is -1005 (base 16) in base 2?
-1000000000101
177 (base 9) to base 13
b8
-525034 (base 7) to base 9
-147221
Convert 2331 (base 6) to base 2.
1000101111
Convert 43 (base 8) to base 15.
25
What is -134 (base 6) in base 11?
-53
Convert 1010433 (base 6) to base 8.
135765
Convert -2603 (base 7) to base 11.
-814
What is 110000010 (base 2) in base 4?
12002
What is -6a0 (base 11) in base 8?
-1504
-3688 (base 15) to base 7
-45554
-a1b6 (base 13) to base 12
-10a94
Convert -2b5 (base 15) to base 6.
-2512
1aa (base 15) to base 6
1441
62 (base 7) to base 2
101100
What is 2550 (base 12) in base 15?
13c6
Convert 10110010 (base 2) to base 14.
ca
Convert -1153242 (base 6) to base 3.
-10010120122
Convert 110111000101 (base 2) to base 13.
17b2
-20000 (base 4) to base 2
-1000000000
Convert 10256 (base 8) to base 13.
1c36
What is 1519 (base 10) in base 16?
5ef
What is -786 (base 12) in base 16?
-456
What is 296d (base 14) in base 15?
229e
Convert -14303 (base 5) to base 10.
-1203
110001 (base 3) to base 7
643
What is -10110101110 (base 2) in base 4?
-112232
Convert 64922 (base 10) to base 5.
4034142
Convert -223 (base 15) to base 12.
-343
-389 (base 10) to base 16
-185
What is 344 (base 9) in base 5?
2113
Convert 2ce (base 15) to base 4.
22010
What is -1011010011 (base 2) in base 12?
-503
Convert -1989 (base 11) to base 2.
-100111010101
-4447 (base 8) to base 7
-6555
Convert 55423 (base 8) to base 6.
255535
Convert 32023023 (base 4) to base 8.
161313
Convert -2143 (base 16) to base 6.
-103231
Convert 2929 (base 13) to base 15.
1b6a
What is 430 (base 9) in base 3?
111000
What is 558 (base 9) in base 12?
322
What is 5dd0 (base 14) in base 4?
10001002
Convert 12355 (base 7) to base 11.
2507
-2934 (base 10) to base 11
-2228
What is 4659 (base 15) in base 4?
3221112
-1100110001 (base 2) to base 4
-30301
What is -244 (base 12) in base 16?
-154
What is 43 (base 7) in base 16?
1f
Convert -2b0a (base 14) to base 8.
-16746
1041 (base 7) to base 2
101110100
-21142 (base 5) to base 10
-1422
Convert 8c1 (base 16) to base 12.
1369
What is 982b (base 13) in base 6?
241550
-16c8 (base 15) to base 9
-6658
-19790 (base 10) to base 14
-72d8
What is -c5 (base 14) in base 9?
-212
2012222 (base 3) to base 13
977
Convert 149b (base 15) to base 11.
335a
Convert -10256 (base 8) to base 11.
-3232
What is -133521 (base 6) in base 10?
-12505
Convert -467 (base 10) to base 3.
-122022
20 (base 9) to base 3
200
What is -6b60 (base 12) in base 2?
-10111011111000
What is -862 (base 12) in base 15?
-56b
9259 (base 11) to base 16
2ffd
What is -193 (base 16) in base 7?
-1114
Convert 13026 (base 9) to base 2.
10001001000100
-9624 (base 13) to base 2
-101000101010001
-36b (base 16) to base 7
-2360
Convert -1bbb6 (base 13) to base 10.
-54736
What is 1205 (base 6) in base 9?
355
Convert -261 (base 13) to base 5.
-3132
bc9 (base 16) to base 2
101111001001
17721 (base 8) to base 11
6135
65c (base 14) to base 2
10011101010
Convert -a333 (base 15) to base 9.
-52253
Convert 16534 (base 13) to base 2.
1010011010000111
Convert -48 (base 11) to base 10.
-52
What is -134568 (base 9) in base 8?
-240303
What is f8 (base 16) in base 13?
161
-20001 (base 3) to base 15
-ad
363 (base 8) to base 3
100000
What is -10013331 (base 4) in base 13?
-78c6
What is -2587 (base 10) in base 8?
-5033
-339 (base 11) to base 15
-1c0
Convert -22001221 (base 3) to base 5.
-142014
-388 (base 10) to base 5
-3023
-9859 (base 11) to base 3
-122211220
What is -670 (base 12) in base 7?
-2523
-25257 (base 8) to base 3
-112222201
Convert 35b6 (base 13) to base 2.
1110110100001
3da (base 15) to base 10
880
What is 10110001101011 (base 2) in base 3?
120121011
-129a6 (base 12) to base 4
-12100032
What is -2211011 (base 3) in base 5?
-31211
Convert -4112 (base 6) to base 5.
-12113
Convert -1000000110 (base 2) to base 6.
-2222
What is -3dd (base 14) in base 6?
-3343
6724 (base 14) to base 8
42714
What is -297 (base 13) in base 11?
-390
What is 4245 (base 6) in base 12?
685
22112211 (base 3) to base 15
1ca7
Convert -10879 (base 11) to base 13.
-71b4
-9433 (base 16) to base 11
-26560
What is -440444 (base 5) in base 10?
-15124
What is 5621 (base 10) in base 16?
15f5
1012031 (base 5) to base 8
40204
Convert 8509 (base 13) to base 5.
1042210
-1012002121 (base 3) to base 14
-8754
10151 (base 6) to base 12
957
235b (base 14) to base 3
22110001
Convert -1111111 (base 3) to base 15.
-4cd
What is -1764 (base 9) in base 8?
-2512
-14388 (base 10) to base 15
-43e3
-12772 (base 10) to base 7
-52144
-122211 (base 3) to base 2
-111100001
What is bd2b (base 16) in base 13?
19072
2442 (base 5) to base 3
111210
-112020 (base 6) to base 14
-367a
-117 (base 8) to base 4
-1033
What is -133 (base 15) in base 13?
-180
Convert -120302 (base 4) to base 2.
-11000110010
-30243 (base 6) to base 15
-12ac
Convert -210331 (base 4) to base 15.
-a7a
What is -101121001 (base 3) in base 14?
-2b59
919 (base 13) to base 14
7c3
Convert -1132133 (base 4) to base 16.
-179f
What is -661 (base 12) in base 15?
-427
3023 (base 6) to base 15
2e3
-503 (base 11) to base 7
-1526
Convert 1010101111 (base 2) to base 5.
10222
Convert 1112340 (base 5) to base 3.
1000001101
What is 220000211 (base 3) in base 10?
17518
Convert -50664 (base 7) to base 13.
-5808
What is -32011 (base 6) in base 5?
-114302
What is 644 (base 8) in base 12?
2b0
What is -11635 (base 13) in base 14?
-b848
201201 (base 4) to base 15
980
266 (base 8) to base 10
182
Convert 1110011110 (base 2) to base 12.
652
What is 70a8 (base 12) in base 5?
342344
What is 144133 (base 7) in base 5?
1342411
Convert -37005 (base 9) to base 4.
-12003113
Convert -26634 (base 7) to base 12.
-41a3
-1010112020 (base 3) to base 8
-53356
Convert 12221000 (base 3) to base 12.
2600
-57225 (base 8) to base 13
-b037
-1000100000101 (base 2) to base 9
-5871
-622 (base 11) to base 9
-1023
10001011000010 (base 2) to base 11
675a
Convert 80 (base 13) to base 8.
150
What is -2012 (base 9) in base 15?
-67e
What is -12553 (base 7) in base 3?
-11121211
Convert 1b59 (base 14) to base 9.
6742
What is 1330 (base 5) in base 4?
3113
-132 (base 16) to base 9
-370
6265 (base 7) to base 16
89b
Convert -101200210 (base 3) to base 4.
-1321311
12011111 (base 3) to base 12
221a
Convert 1210100020 (base 3) to base 5.
2111431
Convert -2012020 (base 3) to base 16.
-63f
Convert 1c9d (base 16) to base 13.
3446
What is 65 (base 8) in base 13?
41
What is 593 (base 15) in base 13?
762
Convert -258 (base 9) to base 10.
-215
Convert 13024 (base 6) to base 11.
1522
What is -4899 (base 11) in base 8?
-14400
What is 1337 (base 11) in base 10?
1734
What is -321 (base 8) in base 9?
-252
What is -390 (base 13) in base 7?
-1551
Convert -8111 (base 11) to base 5.
-321111
-1004020 (base 5) to base 3
-211010121
Convert 1b76 (base 12) to base 9.
4600
-32112 (base 9) to base 3
-1002010102
Convert -150a (base 16) to base 6.
-40534
Convert 100110010001 (base 2) to base 14.
c6d
-c690 (base 16) to base 14
-1474c
-11111011000 (base 2) to base 14
-a36
146 (base 13) to base 11
197
2a9b (base 15) to base 4
2032322
-247 (base 12) to base 4
-11113
Convert 147 (base 12) to base 14.
103
-12301 (base 6) to base 8
-3455
-101111111 (base 2) to base 15
-1a8
What is 1785 (base 16) in base 4?
1132011
-909 (base 12) to base 4
-110121
-100001 (base 4) to base 12
-715
What is -a5 (base 14) in base 15?
-9a
-1692 (base 15) to base 9
-6602
17691 (base 13) to base 2
1011000000010000
Convert -3221 (base 7) to base 13.
-69b
2110221 (base 3) to base 11
13a3
-27d (base 16) to base 9
-777
What is -1722 (base 8) in base 16?
-3d2
What is -133033 (base 4) in base 14?
-a2b
-35710 (base 8) to